e?
False
Let n = 10058 - -42715. Suppose 214 = -13*s + n. Is s prime?
False
Let r = 22024 + -11163. Let o = r + -7454. Is o prime?
True
Suppose -53 = -2*x - 49. Suppose 0 = 4*m + 4*a - 4158 - 2410, 0 = x*m - 4*a - 3254. Is m composite?
False
Let g(t) = 2*t**2 + 56*t + 16. Let q be g(-28). Suppose -q*i + 39810 = -10*i. Is i prime?
False
Let r = -65 - -88. Suppose 5*p + f = 24, -3*f - 7 = p - r. Suppose p*m - 5*m + 991 = 0. Is m prime?
True
Let t = 3545 - 2449. Let l = 9309 + t. Is l prime?
False
Suppose 66 = 67*i - 65*i. Suppose i = 3*j - 3*y, y - 15 - 4 = -4*j. Suppose 1238 = 4*l + 3*x, -l + 303 = j*x - 2*x. Is l prime?
True
Let f = -57 - -161. Is (-1 + (-4263)/(-12))/(26/f) prime?
False
Let d be 1 - (-1220)/15*-15. Let x = d - -541. Let k = 973 + x. Is k a prime number?
False
Suppose 4*g - 3*f = -2196, -2*g - 5*f - 373 = 725. Let h = -527 - g. Is h a prime number?
False
Let d be (-2)/19 - (-95641884)/2052. Let h = -25983 + d. Is h composite?
True
Let s(m) be the first derivative of 218*m**2 + 325*m - 175. Is s(34) composite?
False
Suppose 9*m - 5*m - 52 = 0. Let s = 17 - m. Suppose 3*p - 3*d - 1620 = -0*p, 0 = 2*p + s*d - 1086. Is p a prime number?
True
Let a(h) = -87*h + 41. Let q(t) = 91*t - 42. Let w(x) = 3*a(x) + 4*q(x). Is w(17) composite?
True
Let z be -27 - -21 - -2*3. Suppose z = 12*r - 5394 - 17274. Is r composite?
False
Let q be (-27)/(-18)*(2 + 2*-2). Let k be (-3 + q + 124)*(-182)/4. Let j = k + 9060. Is j prime?
True
Suppose 4*f - 54 = -3*j - 23, 4*j - 4 = 4*f. Suppose 17*t + 5*s = 20*t - 9434, 3*s = -f*t + 12569. Is t composite?
True
Let p(c) = 1587*c**2 + 12*c - 19. Let o(d) = -d**2 + 23*d - 58. Let m be o(20). Is p(m) a prime number?
True
Suppose 7 = -11*m + 4*m. Let r be -1137 - ((-4)/(-1) + m). Let l = r - -1597. Is l prime?
True
Suppose 2*p = 2*n - 366 - 362, -4*n - 1106 = 3*p. Let f be (4 + 4)*p/(-4). Let w = -415 + f. Is w composite?
False
Suppose -4*w + 3999 = -2*w - 6199. Is w a composite number?
False
Let r(s) = -1778*s**3 - 2*s - 1. Let b = 41 + -30. Suppose 5*p - 8 = 3*c, b = -5*c + 5*p + 1. Is r(c) a prime number?
False
Suppose 256*x + 209461 = 263*x. Is x prime?
False
Is (0 + -24006)*(38/(-209))/(4/11) prime?
False
Let f = -183 + 159. Is 454 - 11/((-88)/f) a prime number?
False
Let r = 21924 - 8403. Is r a prime number?
False
Let i(c) = -9*c + 243. Let m be i(26). Suppose 16*t - 20225 = -m*t. Is t a composite number?
False
Let j = 7 + -4. Suppose -3*w - 3*z = 18, -w + 3*w + j*z = -15. Is (0 - 1 - w)/(8/148) composite?
False
Let m = -2409 - -3383. Suppose 2*y = 3*l + m - 4, -5*y + l = -2451. Is y a prime number?
True
Let t(a) = -a**2 + 14*a + 17. Let u be t(15). Let n be (u/(-4))/(3/(-71724)). Suppose 7*d - n = -481. Is d prime?
False
Let w(p) = -2358*p + 14. Let q(h) = -2361*h + 16. Let g(m) = 2*q(m) - 3*w(m). Is g(1) a composite number?
True
Let z = 123 - 146. Let q(s) = -27*s + 122. Is q(z) prime?
True
Let a = 3597 - -3922. Let m = a + -4070. Is m prime?
True
Let d = -4479 - -3147. Let t(p) = -42*p - 161. Let s be t(9). Let n = s - d. Is n composite?
True
Let u be ((-6)/4 + 2)/((-1)/192). Let o(k) = -k - 11. Let w be o(-7). Is 1/w + (-4)/(u/4254) prime?
False
Let h = 46198 + -10469. Is h composite?
False
Let y(g) be the third derivative of -g**8/20160 + g**7/210 + g**6/20 - g**5/60 - 11*g**2. Let d(z) be the third derivative of y(z). Is d(11) a composite number?
False
Let o(v) = 1540*v**3 - v**2 + v + 5. Is o(3) prime?
True
Let u(b) = 10*b + 95. Let j be u(-10). Is (1/j)/(9/(-307035)) composite?
False
Is 64/(-56) - 693845/(-35) composite?
True
Suppose 4*m + 3*t = 29135, -167*t + 21851 = 3*m - 165*t. Is m a prime number?
True
Suppose 2*z + 12*p = 4769254, 13392716 = 4*z + p + 3854208. Is z prime?
False
Let h = 68 - 61. Is -6 - h/(7/(-2773)) composite?
False
Let d(k) = 220*k - 20. Let h(i) = 147*i - 14. Let p(v) = 5*d(v) - 7*h(v). Is p(3) prime?
True
Let u(q) = -q**3 + 165*q**2 + 663*q - 894. Is u(117) a composite number?
True
Let k be ((-2)/(-5) + 0)/((-1)/15). Let u be (107 + -1)/(-4 - k). Suppose -m = -u - 504. Is m prime?
True
Is 6/(-51) + 19325679/527 a prime number?
True
Let v be (-3 + 6/4)/(12/608). Is (-534)/(-8)*v/(-57) composite?
False
Let b = -6282 - -11948. Is (4 + -1)/(6/b) a composite number?
False
Suppose -2*l + 30 = 14. Let r(t) = -12*t - 2 + 10*t**2 - t**3 - t**2 + 21*t. Is r(l) a prime number?
False
Suppose 2*q - 10 = 3*q + 4*x, x + 100 = -4*q. Let o = -26 - q. Suppose -2*l = -3*d + 859, -2*l + 863 = -o*d + 3*d. Is d composite?
True
Suppose 249447 = 7*a + 4*y, 3*a - y - 106903 = -2*y. Is a prime?
False
Let y(u) = 40*u**2 - u - 14. Let s be y(-3). Suppose -3*c - s = -5*h + 1264, -5*c = 4*h - 1283. Let b = 177 + h. Is b prime?
True
Let x(b) = -17914*b + 1057. Is x(-19) composite?
False
Suppose 2*n + 3*v = 19662, -5*v - 39328 = -4*n - 9*v. Let b = 22113 - n. Is b composite?
True
Suppose q + 3*i - 4 = 0, 5*q + 2*i - 6 - 14 = 0. Suppose 3*f - 4*l + 0 = 5, f + q*l - 7 = 0. Suppose -y = f*b + 2*b - 332, 1747 = 5*y - 4*b. Is y composite?
False
Is (-6 - 0) + -5*(-658 - -5) - -2 composite?
True
Let b(h) = -248*h + 53. Let x be b(-16). Let p = 8324 - x. Is p composite?
True
Let j(l) = 5*l - 6*l**2 + 1 - 24 + 4. Let g(p) = -7*p**2 + 5*p - 19. Let t(a) = 5*g(a) - 6*j(a). Is t(-12) a composite number?
False
Let u be 0 + 7*((-50970)/(-35))/(-1). Let n = -4943 - u. Is n prime?
False
Suppose -7 + 15 = 4*l. Suppose -l*x + 2708 = -974. Is x prime?
False
Let m = 169321 - 43458. Is m prime?
True
Let q be ((-16)/3)/((-18)/27). Let h(u) = u**3 + 4*u**2 - 10. Let x be h(q). Suppose 3*i = -4*d + 561, 4*i = -d - d + x. Is i composite?
False
Suppose 91*v - 5130 = 72*v. Is (-9)/(v/(-65990))*3 a composite number?
False
Let s(n) = 75*n**3 + 264*n**3 - 1 - 3*n + 4*n - 2*n**2 - 19*n**3. Let x be s(1). Suppose 0 = -d - 25 + x. Is d composite?
False
Suppose 3*l + 3*z + 12 = 0, 2*l + 22 = 4*z + 2. Let n be (l/8)/((-6)/32). Suppose 0*w = 5*w + n*f - 1239, w - 259 = 2*f. Is w a prime number?
True
Is (-109261 - 1)*15/(-30) composite?
False
Let f = -20 - -22. Suppose -952 = f*k - 10*k. Is k composite?
True
Let i be (-35)/14*(-1 - (-1 - -2)). Is i/10*(0 - 8) - -261 a composite number?
False
Suppose -3*d = 5*p - 3820, -3*d + 66*p = 61*p - 3860. Let u(b) = -37*b**2 - 6*b - 4. Let o be u(-5). Let w = d + o. Is w composite?
True
Let f = -112031 + 168064. Is f composite?
True
Suppose -87 - 1107 = 6*b. Let f = -94 - b. Suppose 1123 = 4*g - f. Is g a composite number?
False
Let c(o) = 4*o**2 - 10*o + 151631. Is c(0) a prime number?
True
Suppose -9 = o - 4*o. Suppose -3*v - o = l, -5*v = -10*v + 4*l + 12. Suppose -4*n - 962 + 4798 = v. Is n a composite number?
True
Let w(r) = r**3 - r**2 - 5*r - 6. Suppose -4*c + 13 - 5 = 0. Let y be 7 - 11 - (-18)/c. Is w(y) a prime number?
False
Let z(f) = 100493*f**3 - f**2 + 58*f - 57. Is z(1) a composite number?
False
Suppose -12 = -3*b, -d + 562989 = 11*b - 16*b. Is d a composite number?
False
Let h(m) = -22*m**2 - m - 9. Let b be h(7). Let z = -419 - -16. Let n = z - b. Is n composite?
False
Suppose 0 = -11*r + 12*r - 3. Let i(p) = -142*p - 9. Let j(l) = 141*l + 9. Let h(u) = r*j(u) + 4*i(u). Is h(-4) a prime number?
True
Suppose z + 6 = 2*w - 4, 3*w - 4*z - 20 = 0. Suppose -2*g = 2*g, w*g = -5*a + 240. Is (211/5)/(-3 + a/15) a prime number?
True
Let r(g) = -553*g + 34. Suppose 0 = 4*m + q + 7, -10*m + 9*m = 5*q - 22. Is r(m) a prime number?
True
Let y(x) = -2999*x**3 - 5*x**2 + x + 10. Is y(-3) composite?
True
Let w(f) = f. Let p be w(-6). Let t be (1104/10)/(p/(-80)). Suppose 2*q = 302 + t. Is q a prime number?
True
Let w = 73 + -66. Suppose w*n + 194 = 2*k + 2*n, 2*n - 340 = -4*k. Suppose 2*t - 5399 = -3*q, -q + 4*t = -1896 + k. Is q composite?
False
Let s(v) = -v**2 - 4*v + 21. Let a be s(3). Is ((-38108)/84)/((-2)/6 + a) a composite number?
False
Let r(k) = -20*k**3 - 24*k**2 - 40*k + 28. Let b(h) = -6*h**3 - 8*h**2 - 13*h + 9. Let g(c) = 7*b(c) - 2*r(c). Let a be 2*((-4)/(-2) + -5). Is g(a) prime?
False
Let t = 72578 - 23931. Is t prime?
True
Suppose -5 = 5*n, -3*a + n = -5*a + 5. Is (5/(15/1191))/(-2 + a) a prime number?
True
Let i = -281 + 303. Let l(f) = f - 2. Let s be l(6). Suppose -h + 4*r + i = -r, s*h = -4*r + 16. Is h a composite number?
False
Let s = 18962 - 29642. Let q = s - -24631